{"id":845,"date":"2023-03-07T14:56:44","date_gmt":"2023-03-07T13:56:44","guid":{"rendered":"https:\/\/www.merzhausen-dardilly.de\/?page_id=845"},"modified":"2025-01-28T10:34:04","modified_gmt":"2025-01-28T09:34:04","slug":"herzlich-willkommen","status":"publish","type":"page","link":"https:\/\/www.merzhausen-dardilly.de\/","title":{"rendered":"Herzlich Willkommen!"},"content":{"rendered":"\n<figure class=\"wp-block-image\"><img decoding=\"async\" src=\"https:\/\/www.merzhausen-dardilly.de\/wp-content\/uploads\/2013\/04\/Logo_Partnerschaftsverein_Merzhausen-Dardilly.png\" alt=\"Dieses Bild hat ein leeres Alt-Attribut. Der Dateiname ist Logo_Partnerschaftsverein_Merzhausen-Dardilly.png\"\/><\/figure>\n\n\n\n<figure class=\"wp-block-gallery has-nested-images columns-default is-cropped wp-block-gallery-1 is-layout-flex wp-block-gallery-is-layout-flex\">\n<figure class=\"wp-block-image size-large\"><img loading=\"lazy\" decoding=\"async\" width=\"644\" height=\"574\" data-id=\"861\" src=\"https:\/\/www.merzhausen-dardilly.de\/wp-content\/uploads\/2023\/03\/Tanzende-644x574.jpg\" alt=\"\" class=\"wp-image-861\" srcset=\"https:\/\/www.merzhausen-dardilly.de\/wp-content\/uploads\/2023\/03\/Tanzende-644x574.jpg 644w, https:\/\/www.merzhausen-dardilly.de\/wp-content\/uploads\/2023\/03\/Tanzende-673x600.jpg 673w, https:\/\/www.merzhausen-dardilly.de\/wp-content\/uploads\/2023\/03\/Tanzende-768x684.jpg 768w, https:\/\/www.merzhausen-dardilly.de\/wp-content\/uploads\/2023\/03\/Tanzende-1536x1369.jpg 1536w, https:\/\/www.merzhausen-dardilly.de\/wp-content\/uploads\/2023\/03\/Tanzende-2048x1825.jpg 2048w\" sizes=\"auto, (max-width: 644px) 100vw, 644px\" \/><\/figure>\n<\/figure>\n\n\n\n<h2 class=\"wp-block-heading\">Bonjour et bienvenue &#8211;<\/h2>\n\n\n\n<p>wir hei\u00dfen Sie willkommen auf der Site des Partnerschaftsvereins Merzhausen-Dardilly und freuen uns \u00fcber Ihr Interesse.<\/p>\n\n\n\n<p><\/p>\n\n\n\n<p>Bei Interesse und f\u00fcr n\u00e4here Informationen&nbsp; melden Sie sich bitte per Mail bei ekkimayer@gmail.com oder brigittaschonhardt@gmail.com.<\/p>\n\n\n\n<p><\/p>\n\n\n\n<p>Wir freuen uns auf Ihr Kommen!<\/p>\n\n\n\n<p>Partnerschaftsverein Merzhausen-Dardilly e.V.<\/p>\n\n\n\n<p>Ekkehard Mayer<\/p>\n\n\n\n<p>Pr\u00e4sident<\/p>\n","protected":false},"excerpt":{"rendered":"<p>Bonjour et bienvenue &#8211; wir hei\u00dfen Sie willkommen auf der Site des Partnerschaftsvereins Merzhausen-Dardilly und freuen uns \u00fcber Ihr Interesse. Bei Interesse und f\u00fcr n\u00e4here Informationen&nbsp; melden Sie sich bitte per Mail bei ekkimayer@gmail.com oder brigittaschonhardt@gmail.com. Wir freuen uns auf &hellip; <a href=\"https:\/\/www.merzhausen-dardilly.de\/\">Weiter<\/a><\/p>\n","protected":false},"author":1,"featured_media":0,"parent":0,"menu_order":0,"comment_status":"closed","ping_status":"closed","template":"","meta":{"kt_blocks_editor_width":"","footnotes":""},"class_list":["post-845","page","type-page","status-publish","hentry"],"_links":{"self":[{"href":"https:\/\/www.merzhausen-dardilly.de\/index.php?rest_route=\/wp\/v2\/pages\/845","targetHints":{"allow":["GET"]}}],"collection":[{"href":"https:\/\/www.merzhausen-dardilly.de\/index.php?rest_route=\/wp\/v2\/pages"}],"about":[{"href":"https:\/\/www.merzhausen-dardilly.de\/index.php?rest_route=\/wp\/v2\/types\/page"}],"author":[{"embeddable":true,"href":"https:\/\/www.merzhausen-dardilly.de\/index.php?rest_route=\/wp\/v2\/users\/1"}],"replies":[{"embeddable":true,"href":"https:\/\/www.merzhausen-dardilly.de\/index.php?rest_route=%2Fwp%2Fv2%2Fcomments&post=845"}],"version-history":[{"count":8,"href":"https:\/\/www.merzhausen-dardilly.de\/index.php?rest_route=\/wp\/v2\/pages\/845\/revisions"}],"predecessor-version":[{"id":935,"href":"https:\/\/www.merzhausen-dardilly.de\/index.php?rest_route=\/wp\/v2\/pages\/845\/revisions\/935"}],"wp:attachment":[{"href":"https:\/\/www.merzhausen-dardilly.de\/index.php?rest_route=%2Fwp%2Fv2%2Fmedia&parent=845"}],"curies":[{"name":"wp","href":"https:\/\/api.w.org\/{rel}","templated":true}]}}